Let w(i) = 109*i - 645. What is w(6)?
9
Let d(h) = 3*h + 10. Calculate d(-38).
-104
Let l(d) = -2*d**3 - 15*d**2 + 30*d + 150. Give l(-12).
1086
Let j(c) = -2*c**3 + 36*c**2 + 24*c + 11. Give j(19).
-255
Let u(w) = -w**3 - 17*w**2 + 2*w - 10. Give u(0).
-10
Let z(x) = 179*x + 2167. What is z(-12)?
19
Let m(z) = 3*z**2 - 102*z - 1653. Determine m(46).
3
Let i(f) = -893*f**2 + 10*f - 11. Calculate i(1).
-894
Let z(d) = -2*d**2 + 85*d + 1552. Calculate z(-14).
-30
Let l(r) = -r**3 - r**2 + 2*r - 101. What is l(0)?
-101
Let z(y) = 44*y - 170. Give z(7).
138
Let n(f) = -2*f**2 + 47*f - 263. Give n(14).
3
Let k(i) = 38*i + 3016. What is k(-79)?
14
Let k(b) = -3*b**3 + 201*b**2 + 4*b - 260. What is k(67)?
8
Let r(l) = -24*l + 255. Calculate r(10).
15
Let t(b) = -b**2 + 1362*b - 41252. Give t(31).
9
Let d(b) = -5*b**2 - 14*b - 25. Give d(-2).
-17
Let v(p) = 2275*p + 95571. Calculate v(-42).
21
Let i(l) = -l**3 + 15*l**2 - 14*l - 7. Determine i(7).
287
Let j(n) = -30*n - 2. Give j(5).
-152
Let a(y) = 206*y - 438. Determine a(2).
-26
Let s(n) = -3*n**2 - 267*n + 726. Calculate s(-91).
180
Let r(z) = 5329*z + 31917. What is r(-6)?
-57
Let l(g) = -50*g - 1401. Determine l(-28).
-1
Let c(o) = -o**2 - 28*o - 19. Give c(-29).
-48
Let l(z) = -2*z**2 + 260*z - 5252. Calculate l(105).
-2
Let x(o) = -o**3 + 4*o**2 - 34*o + 528. Give x(8).
0
Let o(z) = 5*z**2 - 103*z + 36. Give o(20).
-24
Let u(c) = -16*c - 124. Determine u(22).
-476
Let a(p) = p**2 + 13*p - 30. Determine a(2).
0
Let z(r) = 208*r + 919. Determine z(-7).
-537
Let c(r) = -74*r - 172. Give c(-2).
-24
Let w(h) = -5925*h + 29616. Give w(5).
-9
Let k(m) = -2*m**2 - 31*m - 34. Give k(-14).
8
Let o(u) = -34*u**2 + 102*u - 45. Determine o(2).
23
Let i(p) = 26*p**2 + 882*p - 227. Calculate i(-34).
-159
Let h(k) = 4*k**2 - 68*k - 986. Calculate h(-11).
246
Let j(i) = i**2 - 42*i + 341. Give j(10).
21
Let d(w) = 332*w**2 + 331*w - 3. Calculate d(-1).
-2
Let p(k) = 2*k**2 + 38*k - 239. Determine p(-24).
1
Let o(m) = -m**2 - 20*m + 93. Calculate o(-21).
72
Let n(p) = 4*p**2 - 14*p + 35. Calculate n(11).
365
Let h(k) = k**3 - 85*k**2 + 400*k + 2. Give h(80).
2
Let j(f) = 8*f**3 - 95*f**2 + 168*f - 2173. Determine j(12).
-13
Let l(x) = -2*x**2 - 235*x + 2685. Determine l(-128).
-3
Let n(l) = 2035*l - 40. Give n(0).
-40
Let n(o) = -169*o**2 + 507*o - 1. Give n(3).
-1
Let r(w) = -953*w + 52423. Determine r(55).
8
Let b(z) = -z**3 - 10*z**2 - 23*z + 7. What is b(-7)?
21
Let f(y) = -29*y + 1155. Give f(42).
-63
Let c(b) = 2*b**2 - 316*b - 6347. Determine c(-18).
-11
Let x(m) = 12*m**2 + 111*m - 18. What is x(-12)?
378
Let g(x) = x**3 + 6*x + 265. Give g(0).
265
Let k(q) = 7*q - 221. Give k(13).
-130
Let p(z) = z**2 + 14*z + 43. Calculate p(-11).
10
Let z(q) = -2*q**3 + 77*q**2 - 22*q - 491. Determine z(38).
117
Let s(y) = -y**3 - 15*y**2 + 20*y - 7. Calculate s(-16).
-71
Let z(y) = 3*y**3 - y**2 + 5*y + 7. Determine z(4).
203
Let o(q) = -q**3 - 177*q**2 + 1098*q - 32. Calculate o(-183).
-32
Let i(a) = -2412*a + 19244. Give i(8).
-52
Let d(p) = 2*p**3 + 170*p**2 + 165*p - 285. Calculate d(-84).
-33
Let a(z) = -370*z + 4807. Calculate a(13).
-3
Let h(a) = -143*a + 11596. Give h(81).
13
Let d(t) = -t**2 + 36*t - 297. Determine d(28).
-73
Let a(b) = b**3 + 24*b**2 - 83*b - 57. Determine a(-27).
-3
Let p(l) = -90*l + 147. What is p(2)?
-33
Let h(f) = f**3 + 14*f**2 - 6*f - 41. What is h(-14)?
43
Let i(v) = -68*v + 12. What is i(1)?
-56
Let d(u) = 229*u - 10495. Give d(46).
39
Let u(k) = -3*k**2 - 61*k - 229. What is u(-5)?
1
Let b(a) = -114*a + 690. Give b(6).
6
Let i(v) = -v**2 + 501*v - 3474. Determine i(7).
-16
Let g(n) = -n**3 - 6*n**2 - 6*n - 25. Determine g(-6).
11
Let d(p) = 62*p**2 + 10*p - 17. Give d(2).
251
Let a(p) = -p**3 - 73*p**2 - 464*p - 115. What is a(-66)?
17
Let p(f) = 4*f**3 + 6*f**2 - f + 16. Determine p(-4).
-140
Let r(s) = 273*s - 1629. Determine r(6).
9
Let n(t) = -34*t + 863. What is n(26)?
-21
Let j(z) = -z**3 + 4*z**2 + 5744*z + 2181. Determine j(78).
-3
Let w(m) = 2*m**2 - 238*m + 1552. Calculate w(112).
-16
Let k(i) = -3*i**3 - 86*i**2 + 43*i + 3. What is k(-29)?
-403
Let h(q) = q**3 - 11*q**2 + 4*q + 61. Determine h(8).
-99
Let j(f) = -f**3 - 90*f**2 + 124*f + 2977. What is j(-91)?
-26
Let x(i) = 2*i**2 + 13*i + 29. What is x(-6)?
23
Let u(c) = 28875*c + 202122. Calculate u(-7).
-3
Let n(i) = -i**3 + 25*i**2 + 93*i - 8. Calculate n(28).
244
Let l(c) = -4903*c - 14703. What is l(-3)?
6
Let m(b) = -67*b - 41. Calculate m(-5).
294
Let p(c) = -c**3 - 4*c**2 + 13*c - 282. What is p(-9)?
6
Let h(l) = 28*l**2 + 49*l - 56. What is h(1)?
21
Let b(f) = 2*f**2 + 87*f - 138. Give b(-45).
-3
Let z(j) = -282*j**2 + 2817*j + 24. Calculate z(10).
-6
Let q(y) = -8*y**3 + 60*y**2 - 9*y + 21. What is q(7)?
154
Let q(w) = -68*w - 57. What is q(-8)?
487
Let u(o) = -122*o**2 + 348*o - 9. Give u(3).
-63
Let u(n) = 814*n - 6. Determine u(0).
-6
Let j(k) = 2*k**2 - 216*k - 890. What is j(112)?
6
Let q(t) = -15*t - 570. Calculate q(-35).
-45
Let x(u) = -u**3 + 42*u**2 - 446*u + 45. Give x(21).
-60
Let z(q) = 19*q + 81. Give z(6).
195
Let q(n) = -195*n + 9168. What is q(47)?
3
Let k(t) = t**3 - 600*t**2 + 2975*t - 14. What is k(5)?
-14
Let j(r) = 4*r**2 - 29*r - 532. Determine j(-9).
53
Let u(d) = -d**3 + 19*d**2 - 104*d + 115. Give u(7).
-25
Let m(l) = 29*l + 2245. Give m(-82).
-133
Let x(i) = i**2 + 535*i + 6784. Determine x(-13).
-2
Let q(u) = -16*u**2 - 67*u + 88. Calculate q(-8).
-400
Let k(m) = -50*m + 3806. Calculate k(76).
6
Let f(u) = -u**3 - 58*u**2 - 115*u - 159. Calculate f(-56).
9
Let p(a) = -903*a**2 + 2710*a + 3. Determine p(3).
6
Let m(y) = 33*y + 221. Determine m(-14).
-241
Let v(k) = -7*k**2 + 75*k - 74. Determine v(1).
-6
Let q(b) = -12*b**2 + 44*b + 278. What is q(7)?
-2
Let g(i) = i**3 + 14*i**2 + 27*i - 103. Calculate g(-15).
-733
Let n(v) = -6*v + 172. Determine n(32).
-20
Let l(d) = d**3 + 14*d**2 + d - 375. Determine l(-10).
15
Let r(x) = x**3 - 5*x**2 + 46*x - 456. Determine r(8).
104
Let m(w) = -2*w**2 + 6*w + 70. Determine m(-8).
-106
Let i(k) = k**3 + 69*k**2 - 159*k - 150. Give i(-71).
1057
Let w(a) = a**3 + 13*a**2 + 67*a + 131. Give w(-10).
-239
Let i(v) = -v**3 + 17*v**2 + 29*v + 42. Give i(19).
-129
Let m(q) = q**3 - q**2 - 122*q - 14. Calculate m(12).
106
Let b(k) = k**3 + 35*k**2 + 200*k + 107. Calculate b(-28).
-5
Let d(r) = 294*r + 3152. Give d(-11).
-82
Let t(u) = u**3 - 2*u**2 + 94*u - 424. Determine t(4).
-16
Let g(c) = 2*c**3 + 970*c**2 + 8569*c + 4. Give g(-9).
-5
Let d(k) = -3*k**3 + 24*k**2 - 36*k + 32. Give d(7).
-73
Let t(o) = 15*o - 761. Determine t(27).
-356
Let c(v) = 2*v**3 + 2*v**2 + 9*v + 1. What is c(-2)?
-25
Let u(h) = 328*h - 1870. Give u(6).
98
Let z(n) = 2*n**3 - 97*n**2 + 401*n - 216. Calculate z(44).
4
Let j(w) = 6*w**2 - 3*w - 3. Calculate j(-6).
231
Let s(h) = -23*h + 278. What is s(11)?
25
Let d(x) = -3*x**3 - 19*x**2 - 12*x - 35. Determine d(-6).
1
Let g(x) = 8145*x + 16289. Calculate g(-2).
-1
Let h(r) = 25*r + 548. Give h(-10).
298
Let t(c) = 31*c - 2552. Give t(82).
-10
Let h(x) = 379*x - 50782. Calculate h(134).
4
Let i(c) = 2*c**3 + 3*c**2 - 7*c + 21. Calculate i(3).
81
Let k(q) = 182*q + 6012. Give k(-33).
6
Let h(c) = -2438*c + 134097. Determine h(55).
7
Let n(m) = -38*m**2 - 73*m + 7. What is n(-2)?
1
Let l(w) = -w + 182. What is l(44)?
138
Let y(f) = -7*f**2 - 215*f - 1641. Calculate y(-16).
7
Let g(t) = -14*t**3 + 6*t**2 + 16*t + 15. Determine g(-2).
119
Let x(j) = -29*j - 994. What is x(-34)?
-8
Let o(a) = 210*a - 49343. Calculate o(235).
7
Let k(v) = 175*v - 644. Calculate k(4).
56
Let y(m) = -2*m**2 - 141*m - 79. What is y(-70)?
-9
Let l(p) = -3*p**2 - 115*p. What is l(-37)?
148
Let n(y) = 19*y - 107. Calculate n(15).
178
Let m(d) = -2*d**3 - 9*d**2 + 11*d + 18. Determine m(-6).
60
Let w(r) = -29*r + 471. Calculate w(17).
-22
Let r(y) = -y**2 + 14*y + 234. Calculate r(25).
-41
Let s(m) = 5*m**2 + 241*m + 2505. Give s(-33).
-3
Let j(m) = -m**3 - 22*m**2 + 28*m + 152. What is j(-23)?
37
Let u(m) = -2*m**3 - 5*m**2 + 3*m + 31. Give u(-4).
67
Let y(p) = p**2 + 52*p + 476. Give y(-22).
-184
Let k(x) = -13*x - 229. Determine k(-16).
-21
Let k(h) = h**2 + 293*h + 8799. Calculate k(-34).
-7
Let q(x) = x**2 + 27*x + 140. What is q(-28)?
168
Let s